{"id":6020,"date":"2025-12-10T11:14:05","date_gmt":"2025-12-10T10:14:05","guid":{"rendered":"https:\/\/glutenfrei-laktosefrei.ch\/faq-items\/quelle-est-la-duree-de-conservation-de-vos-produits\/"},"modified":"2025-12-16T04:42:53","modified_gmt":"2025-12-16T03:42:53","slug":"quelle-est-la-duree-de-conservation-de-vos-produits","status":"publish","type":"avada_faq","link":"https:\/\/glutenfrei-laktosefrei.ch\/fr\/faq-items\/quelle-est-la-duree-de-conservation-de-vos-produits\/","title":{"rendered":"Quelle est la dur\u00e9e de conservation de vos produits ?"},"content":{"rendered":"<p>Le stockage des produits secs tels que les biscuits et les tartelettes aux noix est de 4 \u00e0 6 mois \u00e0 temp\u00e9rature ambiante, dans un endroit sec et prot\u00e9g\u00e9 de la lumi\u00e8re du soleil. Le stockage des produits surgel\u00e9s : \u00e0 l\u2019exception des deux produits contenant du fromage sans lactose (des tartelettes aux fromages et pizza Margherita), tous nos produits sont sans lait. Nous utilisons du lait de coco de haute qualit\u00e9, au go\u00fbt cr\u00e9meux raffin\u00e9, qui ne donne pas de saveur de noix de coco. Le lait de coco \u00e9tant d\u2019origine v\u00e9g\u00e9tale, il est moins sensible aux cong\u00e9lations r\u00e9p\u00e9t\u00e9es. Il n\u2019y a donc aucun probl\u00e8me \u00e0 congeler et d\u00e9congeler plusieurs fois. Apr\u00e8s la premi\u00e8re cong\u00e9lation, nos produits se conservent pendant 12 mois \u00e0 partir de la date de cong\u00e9lation. Apr\u00e8s cette p\u00e9riode, ils peuvent perdre l\u00e9g\u00e8rement en texture et en saveur, mais restent tout \u00e0 fait \u00ab consommables \u00bb.      <\/p>\n","protected":false},"excerpt":{"rendered":"<p>Le stockage des produits secs tels que les biscuits et  [&#8230;]<\/p>\n","protected":false},"author":2,"featured_media":0,"menu_order":0,"comment_status":"open","ping_status":"closed","template":"","format":"standard","meta":{"footnotes":""},"faq_category":[222],"class_list":["post-6020","avada_faq","type-avada_faq","status-publish","format-standard","hentry","faq_category-durabilite-stockage-decongelation"],"yoast_head":"<!-- This site is optimized with the Yoast SEO plugin v26.6 - https:\/\/yoast.com\/wordpress\/plugins\/seo\/ -->\n<title>Quelle est la dur\u00e9e de conservation de vos produits ? | A-B-W Riesen GmbH<\/title>\n<meta name=\"robots\" content=\"index, follow, max-snippet:-1, max-image-preview:large, max-video-preview:-1\" \/>\n<link rel=\"canonical\" href=\"https:\/\/glutenfrei-laktosefrei.ch\/fr\/faq-items\/quelle-est-la-duree-de-conservation-de-vos-produits\/\" \/>\n<meta property=\"og:locale\" content=\"fr_FR\" \/>\n<meta property=\"og:type\" content=\"article\" \/>\n<meta property=\"og:title\" content=\"Quelle est la dur\u00e9e de conservation de vos produits ? | A-B-W Riesen GmbH\" \/>\n<meta property=\"og:description\" content=\"Le stockage des produits secs tels que les biscuits et [...]\" \/>\n<meta property=\"og:url\" content=\"https:\/\/glutenfrei-laktosefrei.ch\/fr\/faq-items\/quelle-est-la-duree-de-conservation-de-vos-produits\/\" \/>\n<meta property=\"og:site_name\" content=\"A-B-W Riesen GmbH\" \/>\n<meta property=\"article:modified_time\" content=\"2025-12-16T03:42:53+00:00\" \/>\n<meta property=\"og:image\" content=\"https:\/\/glutenfrei-laktosefrei.ch\/wp-content\/uploads\/2020\/11\/iStock-182197205.webp\" \/>\n\t<meta property=\"og:image:width\" content=\"1920\" \/>\n\t<meta property=\"og:image:height\" content=\"1420\" \/>\n\t<meta property=\"og:image:type\" content=\"image\/webp\" \/>\n<meta name=\"twitter:card\" content=\"summary_large_image\" \/>\n<meta name=\"twitter:label1\" content=\"Dur\u00e9e de lecture estim\u00e9e\" \/>\n\t<meta name=\"twitter:data1\" content=\"1 minute\" \/>\n<script type=\"application\/ld+json\" class=\"yoast-schema-graph\">{\"@context\":\"https:\/\/schema.org\",\"@graph\":[{\"@type\":\"WebPage\",\"@id\":\"https:\/\/glutenfrei-laktosefrei.ch\/fr\/faq-items\/quelle-est-la-duree-de-conservation-de-vos-produits\/\",\"url\":\"https:\/\/glutenfrei-laktosefrei.ch\/fr\/faq-items\/quelle-est-la-duree-de-conservation-de-vos-produits\/\",\"name\":\"Quelle est la dur\u00e9e de conservation de vos produits ? | A-B-W Riesen GmbH\",\"isPartOf\":{\"@id\":\"https:\/\/glutenfrei-laktosefrei.ch\/fr\/#website\"},\"datePublished\":\"2025-12-10T10:14:05+00:00\",\"dateModified\":\"2025-12-16T03:42:53+00:00\",\"breadcrumb\":{\"@id\":\"https:\/\/glutenfrei-laktosefrei.ch\/fr\/faq-items\/quelle-est-la-duree-de-conservation-de-vos-produits\/#breadcrumb\"},\"inLanguage\":\"fr-FR\",\"potentialAction\":[{\"@type\":\"ReadAction\",\"target\":[\"https:\/\/glutenfrei-laktosefrei.ch\/fr\/faq-items\/quelle-est-la-duree-de-conservation-de-vos-produits\/\"]}]},{\"@type\":\"BreadcrumbList\",\"@id\":\"https:\/\/glutenfrei-laktosefrei.ch\/fr\/faq-items\/quelle-est-la-duree-de-conservation-de-vos-produits\/#breadcrumb\",\"itemListElement\":[{\"@type\":\"ListItem\",\"position\":1,\"name\":\"Home\",\"item\":\"https:\/\/glutenfrei-laktosefrei.ch\/fr\/\"},{\"@type\":\"ListItem\",\"position\":2,\"name\":\"FAQs\",\"item\":\"https:\/\/glutenfrei-laktosefrei.ch\/fr\/faq-items\/\"},{\"@type\":\"ListItem\",\"position\":3,\"name\":\"Quelle est la dur\u00e9e de conservation de vos produits ?\"}]},{\"@type\":\"WebSite\",\"@id\":\"https:\/\/glutenfrei-laktosefrei.ch\/fr\/#website\",\"url\":\"https:\/\/glutenfrei-laktosefrei.ch\/fr\/\",\"name\":\"A-B-W Riesen GmbH\",\"description\":\"\",\"publisher\":{\"@id\":\"https:\/\/glutenfrei-laktosefrei.ch\/fr\/#organization\"},\"potentialAction\":[{\"@type\":\"SearchAction\",\"target\":{\"@type\":\"EntryPoint\",\"urlTemplate\":\"https:\/\/glutenfrei-laktosefrei.ch\/fr\/?s={search_term_string}\"},\"query-input\":{\"@type\":\"PropertyValueSpecification\",\"valueRequired\":true,\"valueName\":\"search_term_string\"}}],\"inLanguage\":\"fr-FR\"},{\"@type\":\"Organization\",\"@id\":\"https:\/\/glutenfrei-laktosefrei.ch\/fr\/#organization\",\"name\":\"A-B-W Riesen GmbH\",\"url\":\"https:\/\/glutenfrei-laktosefrei.ch\/fr\/\",\"logo\":{\"@type\":\"ImageObject\",\"inLanguage\":\"fr-FR\",\"@id\":\"https:\/\/glutenfrei-laktosefrei.ch\/fr\/#\/schema\/logo\/image\/\",\"url\":\"https:\/\/glutenfrei-laktosefrei.ch\/wp-content\/uploads\/2024\/12\/fav_2024.png\",\"contentUrl\":\"https:\/\/glutenfrei-laktosefrei.ch\/wp-content\/uploads\/2024\/12\/fav_2024.png\",\"width\":100,\"height\":100,\"caption\":\"A-B-W Riesen GmbH\"},\"image\":{\"@id\":\"https:\/\/glutenfrei-laktosefrei.ch\/fr\/#\/schema\/logo\/image\/\"}}]}<\/script>\n<!-- \/ Yoast SEO plugin. -->","yoast_head_json":{"title":"Quelle est la dur\u00e9e de conservation de vos produits ? | A-B-W Riesen GmbH","robots":{"index":"index","follow":"follow","max-snippet":"max-snippet:-1","max-image-preview":"max-image-preview:large","max-video-preview":"max-video-preview:-1"},"canonical":"https:\/\/glutenfrei-laktosefrei.ch\/fr\/faq-items\/quelle-est-la-duree-de-conservation-de-vos-produits\/","og_locale":"fr_FR","og_type":"article","og_title":"Quelle est la dur\u00e9e de conservation de vos produits ? | A-B-W Riesen GmbH","og_description":"Le stockage des produits secs tels que les biscuits et [...]","og_url":"https:\/\/glutenfrei-laktosefrei.ch\/fr\/faq-items\/quelle-est-la-duree-de-conservation-de-vos-produits\/","og_site_name":"A-B-W Riesen GmbH","article_modified_time":"2025-12-16T03:42:53+00:00","og_image":[{"width":1920,"height":1420,"url":"https:\/\/glutenfrei-laktosefrei.ch\/wp-content\/uploads\/2020\/11\/iStock-182197205.webp","type":"image\/webp"}],"twitter_card":"summary_large_image","twitter_misc":{"Dur\u00e9e de lecture estim\u00e9e":"1 minute"},"schema":{"@context":"https:\/\/schema.org","@graph":[{"@type":"WebPage","@id":"https:\/\/glutenfrei-laktosefrei.ch\/fr\/faq-items\/quelle-est-la-duree-de-conservation-de-vos-produits\/","url":"https:\/\/glutenfrei-laktosefrei.ch\/fr\/faq-items\/quelle-est-la-duree-de-conservation-de-vos-produits\/","name":"Quelle est la dur\u00e9e de conservation de vos produits ? | A-B-W Riesen GmbH","isPartOf":{"@id":"https:\/\/glutenfrei-laktosefrei.ch\/fr\/#website"},"datePublished":"2025-12-10T10:14:05+00:00","dateModified":"2025-12-16T03:42:53+00:00","breadcrumb":{"@id":"https:\/\/glutenfrei-laktosefrei.ch\/fr\/faq-items\/quelle-est-la-duree-de-conservation-de-vos-produits\/#breadcrumb"},"inLanguage":"fr-FR","potentialAction":[{"@type":"ReadAction","target":["https:\/\/glutenfrei-laktosefrei.ch\/fr\/faq-items\/quelle-est-la-duree-de-conservation-de-vos-produits\/"]}]},{"@type":"BreadcrumbList","@id":"https:\/\/glutenfrei-laktosefrei.ch\/fr\/faq-items\/quelle-est-la-duree-de-conservation-de-vos-produits\/#breadcrumb","itemListElement":[{"@type":"ListItem","position":1,"name":"Home","item":"https:\/\/glutenfrei-laktosefrei.ch\/fr\/"},{"@type":"ListItem","position":2,"name":"FAQs","item":"https:\/\/glutenfrei-laktosefrei.ch\/fr\/faq-items\/"},{"@type":"ListItem","position":3,"name":"Quelle est la dur\u00e9e de conservation de vos produits ?"}]},{"@type":"WebSite","@id":"https:\/\/glutenfrei-laktosefrei.ch\/fr\/#website","url":"https:\/\/glutenfrei-laktosefrei.ch\/fr\/","name":"A-B-W Riesen GmbH","description":"","publisher":{"@id":"https:\/\/glutenfrei-laktosefrei.ch\/fr\/#organization"},"potentialAction":[{"@type":"SearchAction","target":{"@type":"EntryPoint","urlTemplate":"https:\/\/glutenfrei-laktosefrei.ch\/fr\/?s={search_term_string}"},"query-input":{"@type":"PropertyValueSpecification","valueRequired":true,"valueName":"search_term_string"}}],"inLanguage":"fr-FR"},{"@type":"Organization","@id":"https:\/\/glutenfrei-laktosefrei.ch\/fr\/#organization","name":"A-B-W Riesen GmbH","url":"https:\/\/glutenfrei-laktosefrei.ch\/fr\/","logo":{"@type":"ImageObject","inLanguage":"fr-FR","@id":"https:\/\/glutenfrei-laktosefrei.ch\/fr\/#\/schema\/logo\/image\/","url":"https:\/\/glutenfrei-laktosefrei.ch\/wp-content\/uploads\/2024\/12\/fav_2024.png","contentUrl":"https:\/\/glutenfrei-laktosefrei.ch\/wp-content\/uploads\/2024\/12\/fav_2024.png","width":100,"height":100,"caption":"A-B-W Riesen GmbH"},"image":{"@id":"https:\/\/glutenfrei-laktosefrei.ch\/fr\/#\/schema\/logo\/image\/"}}]}},"_links":{"self":[{"href":"https:\/\/glutenfrei-laktosefrei.ch\/fr\/wp-json\/wp\/v2\/avada_faq\/6020","targetHints":{"allow":["GET"]}}],"collection":[{"href":"https:\/\/glutenfrei-laktosefrei.ch\/fr\/wp-json\/wp\/v2\/avada_faq"}],"about":[{"href":"https:\/\/glutenfrei-laktosefrei.ch\/fr\/wp-json\/wp\/v2\/types\/avada_faq"}],"author":[{"embeddable":true,"href":"https:\/\/glutenfrei-laktosefrei.ch\/fr\/wp-json\/wp\/v2\/users\/2"}],"replies":[{"embeddable":true,"href":"https:\/\/glutenfrei-laktosefrei.ch\/fr\/wp-json\/wp\/v2\/comments?post=6020"}],"version-history":[{"count":2,"href":"https:\/\/glutenfrei-laktosefrei.ch\/fr\/wp-json\/wp\/v2\/avada_faq\/6020\/revisions"}],"predecessor-version":[{"id":6046,"href":"https:\/\/glutenfrei-laktosefrei.ch\/fr\/wp-json\/wp\/v2\/avada_faq\/6020\/revisions\/6046"}],"wp:attachment":[{"href":"https:\/\/glutenfrei-laktosefrei.ch\/fr\/wp-json\/wp\/v2\/media?parent=6020"}],"wp:term":[{"taxonomy":"faq_category","embeddable":true,"href":"https:\/\/glutenfrei-laktosefrei.ch\/fr\/wp-json\/wp\/v2\/faq_category?post=6020"}],"curies":[{"name":"wp","href":"https:\/\/api.w.org\/{rel}","templated":true}]}}

Quelle est la durée de conservation de vos produits ?

<p>Le stockage des produits secs tels que les biscuits et les tartelettes aux noix est de 4 à 6 mois à température ambiante, dans un endroit sec et protégé de la lumière du soleil. Le stockage des produits surgelés : à l’exception des deux produits contenant du fromage sans lactose (des tartelettes aux fromages et pizza Margherita), tous nos produits sont sans lait. Nous utilisons du lait de coco de haute qualité, au goût crémeux raffiné, qui ne donne pas de saveur de noix de coco. Le lait de coco étant d’origine végétale, il est moins sensible aux congélations répétées. Il n’y a donc aucun problème à congeler et décongeler plusieurs fois. Après la première congélation, nos produits se conservent pendant 12 mois à partir de la date de congélation. Après cette période, ils peuvent perdre légèrement en texture et en saveur, mais restent tout à fait « consommables ».      </p>

<!-- This site is optimized with the Yoast SEO plugin v26.6 - https://yoast.com/wordpress/plugins/seo/ -->
<title>Quelle est la durée de conservation de vos produits ? | A-B-W Riesen GmbH</title>
<meta name="robots" content="index, follow, max-snippet:-1, max-image-preview:large, max-video-preview:-1" />
<link rel="canonical" href="https://glutenfrei-laktosefrei.ch/fr/faq-items/quelle-est-la-duree-de-conservation-de-vos-produits/" />
<meta property="og:locale" content="fr_FR" />
<meta property="og:type" content="article" />
<meta property="og:title" content="Quelle est la durée de conservation de vos produits ? | A-B-W Riesen GmbH" />
<meta property="og:description" content="Le stockage des produits secs tels que les biscuits et [...]" />
<meta property="og:url" content="https://glutenfrei-laktosefrei.ch/fr/faq-items/quelle-est-la-duree-de-conservation-de-vos-produits/" />
<meta property="og:site_name" content="A-B-W Riesen GmbH" />
<meta property="article:modified_time" content="2025-12-16T03:42:53+00:00" />
<meta property="og:image" content="https://glutenfrei-laktosefrei.ch/wp-content/uploads/2020/11/iStock-182197205.webp" />
	<meta property="og:image:width" content="1920" />
	<meta property="og:image:height" content="1420" />
	<meta property="og:image:type" content="image/webp" />
<meta name="twitter:card" content="summary_large_image" />
<meta name="twitter:label1" content="Durée de lecture estimée" />
	<meta name="twitter:data1" content="1 minute" />
<script type="application/ld+json" class="yoast-schema-graph">{"@context":"https://schema.org","@graph":[{"@type":"WebPage","@id":"https://glutenfrei-laktosefrei.ch/fr/faq-items/quelle-est-la-duree-de-conservation-de-vos-produits/","url":"https://glutenfrei-laktosefrei.ch/fr/faq-items/quelle-est-la-duree-de-conservation-de-vos-produits/","name":"Quelle est la durée de conservation de vos produits ? | A-B-W Riesen GmbH","isPartOf":{"@id":"https://glutenfrei-laktosefrei.ch/fr/#website"},"datePublished":"2025-12-10T10:14:05+00:00","dateModified":"2025-12-16T03:42:53+00:00","breadcrumb":{"@id":"https://glutenfrei-laktosefrei.ch/fr/faq-items/quelle-est-la-duree-de-conservation-de-vos-produits/#breadcrumb"},"inLanguage":"fr-FR","potentialAction":[{"@type":"ReadAction","target":["https://glutenfrei-laktosefrei.ch/fr/faq-items/quelle-est-la-duree-de-conservation-de-vos-produits/"]}]},{"@type":"BreadcrumbList","@id":"https://glutenfrei-laktosefrei.ch/fr/faq-items/quelle-est-la-duree-de-conservation-de-vos-produits/#breadcrumb","itemListElement":[{"@type":"ListItem","position":1,"name":"Home","item":"https://glutenfrei-laktosefrei.ch/fr/"},{"@type":"ListItem","position":2,"name":"FAQs","item":"https://glutenfrei-laktosefrei.ch/fr/faq-items/"},{"@type":"ListItem","position":3,"name":"Quelle est la durée de conservation de vos produits ?"}]},{"@type":"WebSite","@id":"https://glutenfrei-laktosefrei.ch/fr/#website","url":"https://glutenfrei-laktosefrei.ch/fr/","name":"A-B-W Riesen GmbH","description":"","publisher":{"@id":"https://glutenfrei-laktosefrei.ch/fr/#organization"},"potentialAction":[{"@type":"SearchAction","target":{"@type":"EntryPoint","urlTemplate":"https://glutenfrei-laktosefrei.ch/fr/?s={search_term_string}"},"query-input":{"@type":"PropertyValueSpecification","valueRequired":true,"valueName":"search_term_string"}}],"inLanguage":"fr-FR"},{"@type":"Organization","@id":"https://glutenfrei-laktosefrei.ch/fr/#organization","name":"A-B-W Riesen GmbH","url":"https://glutenfrei-laktosefrei.ch/fr/","logo":{"@type":"ImageObject","inLanguage":"fr-FR","@id":"https://glutenfrei-laktosefrei.ch/fr/#/schema/logo/image/","url":"https://glutenfrei-laktosefrei.ch/wp-content/uploads/2024/12/fav_2024.png","contentUrl":"https://glutenfrei-laktosefrei.ch/wp-content/uploads/2024/12/fav_2024.png","width":100,"height":100,"caption":"A-B-W Riesen GmbH"},"image":{"@id":"https://glutenfrei-laktosefrei.ch/fr/#/schema/logo/image/"}}]}</script>
<!-- / Yoast SEO plugin. -->

Quelle est la durée de conservation de vos produits ? | A-B-W Riesen GmbH
