{"id":6019,"date":"2025-12-10T11:14:22","date_gmt":"2025-12-10T10:14:22","guid":{"rendered":"https:\/\/glutenfrei-laktosefrei.ch\/faq-items\/serait-il-possible-dacheter-des-produits-frais-chez-vous\/"},"modified":"2025-12-11T02:30:53","modified_gmt":"2025-12-11T01:30:53","slug":"serait-il-possible-dacheter-des-produits-frais-chez-vous","status":"publish","type":"avada_faq","link":"https:\/\/glutenfrei-laktosefrei.ch\/fr\/faq-items\/serait-il-possible-dacheter-des-produits-frais-chez-vous\/","title":{"rendered":"Serait-il possible d\u2019acheter des produits \u00ab frais \u00bb chez vous ?"},"content":{"rendered":"<p>Tous nos produits sont naturels et ne contiennent aucun additif chimique de conservation ou d\u2019exhausteur de go\u00fbt. Ils sont sp\u00e9cialement con\u00e7us pour \u00eatre congel\u00e9s frais et d\u00e9congel\u00e9s sans perdre leur texture, leur qualit\u00e9 ni leur go\u00fbt \u00ab frais \u00bb. Vous pouvez acheter des produits frais uniquement sur place, pr\u00e9par\u00e9s le jour de votre commande. Pour nous, il est essentiel de les congeler le plus rapidement possible afin de pr\u00e9server leur fra\u00eecheur.   <\/p>\n","protected":false},"excerpt":{"rendered":"<p>Tous nos produits sont naturels et ne contiennent aucun additif  [&#8230;]<\/p>\n","protected":false},"author":2,"featured_media":0,"menu_order":0,"comment_status":"open","ping_status":"closed","template":"","format":"standard","meta":{"footnotes":""},"faq_category":[221],"class_list":["post-6019","avada_faq","type-avada_faq","status-publish","format-standard","hentry","faq_category-fraicheur-fabrication-qualite"],"yoast_head":"<!-- This site is optimized with the Yoast SEO plugin v26.6 - https:\/\/yoast.com\/wordpress\/plugins\/seo\/ -->\n<title>Serait-il possible d\u2019acheter des produits \u00ab frais \u00bb chez vous ? | A-B-W Riesen GmbH<\/title>\n<meta name=\"robots\" content=\"index, follow, max-snippet:-1, max-image-preview:large, max-video-preview:-1\" \/>\n<link rel=\"canonical\" href=\"https:\/\/glutenfrei-laktosefrei.ch\/fr\/faq-items\/serait-il-possible-dacheter-des-produits-frais-chez-vous\/\" \/>\n<meta property=\"og:locale\" content=\"fr_FR\" \/>\n<meta property=\"og:type\" content=\"article\" \/>\n<meta property=\"og:title\" content=\"Serait-il possible d\u2019acheter des produits \u00ab frais \u00bb chez vous ? | A-B-W Riesen GmbH\" \/>\n<meta property=\"og:description\" content=\"Tous nos produits sont naturels et ne contiennent aucun additif [...]\" \/>\n<meta property=\"og:url\" content=\"https:\/\/glutenfrei-laktosefrei.ch\/fr\/faq-items\/serait-il-possible-dacheter-des-produits-frais-chez-vous\/\" \/>\n<meta property=\"og:site_name\" content=\"A-B-W Riesen GmbH\" \/>\n<meta property=\"article:modified_time\" content=\"2025-12-11T01:30:53+00:00\" \/>\n<meta property=\"og:image\" content=\"https:\/\/glutenfrei-laktosefrei.ch\/wp-content\/uploads\/2020\/11\/iStock-182197205.webp\" \/>\n\t<meta property=\"og:image:width\" content=\"1920\" \/>\n\t<meta property=\"og:image:height\" content=\"1420\" \/>\n\t<meta property=\"og:image:type\" content=\"image\/webp\" \/>\n<meta name=\"twitter:card\" content=\"summary_large_image\" \/>\n<script type=\"application\/ld+json\" class=\"yoast-schema-graph\">{\"@context\":\"https:\/\/schema.org\",\"@graph\":[{\"@type\":\"WebPage\",\"@id\":\"https:\/\/glutenfrei-laktosefrei.ch\/fr\/faq-items\/serait-il-possible-dacheter-des-produits-frais-chez-vous\/\",\"url\":\"https:\/\/glutenfrei-laktosefrei.ch\/fr\/faq-items\/serait-il-possible-dacheter-des-produits-frais-chez-vous\/\",\"name\":\"Serait-il possible d\u2019acheter des produits \u00ab frais \u00bb chez vous ? | A-B-W Riesen GmbH\",\"isPartOf\":{\"@id\":\"https:\/\/glutenfrei-laktosefrei.ch\/fr\/#website\"},\"datePublished\":\"2025-12-10T10:14:22+00:00\",\"dateModified\":\"2025-12-11T01:30:53+00:00\",\"breadcrumb\":{\"@id\":\"https:\/\/glutenfrei-laktosefrei.ch\/fr\/faq-items\/serait-il-possible-dacheter-des-produits-frais-chez-vous\/#breadcrumb\"},\"inLanguage\":\"fr-FR\",\"potentialAction\":[{\"@type\":\"ReadAction\",\"target\":[\"https:\/\/glutenfrei-laktosefrei.ch\/fr\/faq-items\/serait-il-possible-dacheter-des-produits-frais-chez-vous\/\"]}]},{\"@type\":\"BreadcrumbList\",\"@id\":\"https:\/\/glutenfrei-laktosefrei.ch\/fr\/faq-items\/serait-il-possible-dacheter-des-produits-frais-chez-vous\/#breadcrumb\",\"itemListElement\":[{\"@type\":\"ListItem\",\"position\":1,\"name\":\"Home\",\"item\":\"https:\/\/glutenfrei-laktosefrei.ch\/fr\/\"},{\"@type\":\"ListItem\",\"position\":2,\"name\":\"FAQs\",\"item\":\"https:\/\/glutenfrei-laktosefrei.ch\/fr\/faq-items\/\"},{\"@type\":\"ListItem\",\"position\":3,\"name\":\"Serait-il possible d\u2019acheter des produits \u00ab frais \u00bb chez vous ?\"}]},{\"@type\":\"WebSite\",\"@id\":\"https:\/\/glutenfrei-laktosefrei.ch\/fr\/#website\",\"url\":\"https:\/\/glutenfrei-laktosefrei.ch\/fr\/\",\"name\":\"A-B-W Riesen GmbH\",\"description\":\"\",\"publisher\":{\"@id\":\"https:\/\/glutenfrei-laktosefrei.ch\/fr\/#organization\"},\"potentialAction\":[{\"@type\":\"SearchAction\",\"target\":{\"@type\":\"EntryPoint\",\"urlTemplate\":\"https:\/\/glutenfrei-laktosefrei.ch\/fr\/?s={search_term_string}\"},\"query-input\":{\"@type\":\"PropertyValueSpecification\",\"valueRequired\":true,\"valueName\":\"search_term_string\"}}],\"inLanguage\":\"fr-FR\"},{\"@type\":\"Organization\",\"@id\":\"https:\/\/glutenfrei-laktosefrei.ch\/fr\/#organization\",\"name\":\"A-B-W Riesen GmbH\",\"url\":\"https:\/\/glutenfrei-laktosefrei.ch\/fr\/\",\"logo\":{\"@type\":\"ImageObject\",\"inLanguage\":\"fr-FR\",\"@id\":\"https:\/\/glutenfrei-laktosefrei.ch\/fr\/#\/schema\/logo\/image\/\",\"url\":\"https:\/\/glutenfrei-laktosefrei.ch\/wp-content\/uploads\/2024\/12\/fav_2024.png\",\"contentUrl\":\"https:\/\/glutenfrei-laktosefrei.ch\/wp-content\/uploads\/2024\/12\/fav_2024.png\",\"width\":100,\"height\":100,\"caption\":\"A-B-W Riesen GmbH\"},\"image\":{\"@id\":\"https:\/\/glutenfrei-laktosefrei.ch\/fr\/#\/schema\/logo\/image\/\"}}]}<\/script>\n<!-- \/ Yoast SEO plugin. -->","yoast_head_json":{"title":"Serait-il possible d\u2019acheter des produits \u00ab frais \u00bb chez vous ? | A-B-W Riesen GmbH","robots":{"index":"index","follow":"follow","max-snippet":"max-snippet:-1","max-image-preview":"max-image-preview:large","max-video-preview":"max-video-preview:-1"},"canonical":"https:\/\/glutenfrei-laktosefrei.ch\/fr\/faq-items\/serait-il-possible-dacheter-des-produits-frais-chez-vous\/","og_locale":"fr_FR","og_type":"article","og_title":"Serait-il possible d\u2019acheter des produits \u00ab frais \u00bb chez vous ? | A-B-W Riesen GmbH","og_description":"Tous nos produits sont naturels et ne contiennent aucun additif [...]","og_url":"https:\/\/glutenfrei-laktosefrei.ch\/fr\/faq-items\/serait-il-possible-dacheter-des-produits-frais-chez-vous\/","og_site_name":"A-B-W Riesen GmbH","article_modified_time":"2025-12-11T01:30:53+00:00","og_image":[{"width":1920,"height":1420,"url":"https:\/\/glutenfrei-laktosefrei.ch\/wp-content\/uploads\/2020\/11\/iStock-182197205.webp","type":"image\/webp"}],"twitter_card":"summary_large_image","schema":{"@context":"https:\/\/schema.org","@graph":[{"@type":"WebPage","@id":"https:\/\/glutenfrei-laktosefrei.ch\/fr\/faq-items\/serait-il-possible-dacheter-des-produits-frais-chez-vous\/","url":"https:\/\/glutenfrei-laktosefrei.ch\/fr\/faq-items\/serait-il-possible-dacheter-des-produits-frais-chez-vous\/","name":"Serait-il possible d\u2019acheter des produits \u00ab frais \u00bb chez vous ? | A-B-W Riesen GmbH","isPartOf":{"@id":"https:\/\/glutenfrei-laktosefrei.ch\/fr\/#website"},"datePublished":"2025-12-10T10:14:22+00:00","dateModified":"2025-12-11T01:30:53+00:00","breadcrumb":{"@id":"https:\/\/glutenfrei-laktosefrei.ch\/fr\/faq-items\/serait-il-possible-dacheter-des-produits-frais-chez-vous\/#breadcrumb"},"inLanguage":"fr-FR","potentialAction":[{"@type":"ReadAction","target":["https:\/\/glutenfrei-laktosefrei.ch\/fr\/faq-items\/serait-il-possible-dacheter-des-produits-frais-chez-vous\/"]}]},{"@type":"BreadcrumbList","@id":"https:\/\/glutenfrei-laktosefrei.ch\/fr\/faq-items\/serait-il-possible-dacheter-des-produits-frais-chez-vous\/#breadcrumb","itemListElement":[{"@type":"ListItem","position":1,"name":"Home","item":"https:\/\/glutenfrei-laktosefrei.ch\/fr\/"},{"@type":"ListItem","position":2,"name":"FAQs","item":"https:\/\/glutenfrei-laktosefrei.ch\/fr\/faq-items\/"},{"@type":"ListItem","position":3,"name":"Serait-il possible d\u2019acheter des produits \u00ab frais \u00bb chez vous ?"}]},{"@type":"WebSite","@id":"https:\/\/glutenfrei-laktosefrei.ch\/fr\/#website","url":"https:\/\/glutenfrei-laktosefrei.ch\/fr\/","name":"A-B-W Riesen GmbH","description":"","publisher":{"@id":"https:\/\/glutenfrei-laktosefrei.ch\/fr\/#organization"},"potentialAction":[{"@type":"SearchAction","target":{"@type":"EntryPoint","urlTemplate":"https:\/\/glutenfrei-laktosefrei.ch\/fr\/?s={search_term_string}"},"query-input":{"@type":"PropertyValueSpecification","valueRequired":true,"valueName":"search_term_string"}}],"inLanguage":"fr-FR"},{"@type":"Organization","@id":"https:\/\/glutenfrei-laktosefrei.ch\/fr\/#organization","name":"A-B-W Riesen GmbH","url":"https:\/\/glutenfrei-laktosefrei.ch\/fr\/","logo":{"@type":"ImageObject","inLanguage":"fr-FR","@id":"https:\/\/glutenfrei-laktosefrei.ch\/fr\/#\/schema\/logo\/image\/","url":"https:\/\/glutenfrei-laktosefrei.ch\/wp-content\/uploads\/2024\/12\/fav_2024.png","contentUrl":"https:\/\/glutenfrei-laktosefrei.ch\/wp-content\/uploads\/2024\/12\/fav_2024.png","width":100,"height":100,"caption":"A-B-W Riesen GmbH"},"image":{"@id":"https:\/\/glutenfrei-laktosefrei.ch\/fr\/#\/schema\/logo\/image\/"}}]}},"_links":{"self":[{"href":"https:\/\/glutenfrei-laktosefrei.ch\/fr\/wp-json\/wp\/v2\/avada_faq\/6019","targetHints":{"allow":["GET"]}}],"collection":[{"href":"https:\/\/glutenfrei-laktosefrei.ch\/fr\/wp-json\/wp\/v2\/avada_faq"}],"about":[{"href":"https:\/\/glutenfrei-laktosefrei.ch\/fr\/wp-json\/wp\/v2\/types\/avada_faq"}],"author":[{"embeddable":true,"href":"https:\/\/glutenfrei-laktosefrei.ch\/fr\/wp-json\/wp\/v2\/users\/2"}],"replies":[{"embeddable":true,"href":"https:\/\/glutenfrei-laktosefrei.ch\/fr\/wp-json\/wp\/v2\/comments?post=6019"}],"version-history":[{"count":2,"href":"https:\/\/glutenfrei-laktosefrei.ch\/fr\/wp-json\/wp\/v2\/avada_faq\/6019\/revisions"}],"predecessor-version":[{"id":6037,"href":"https:\/\/glutenfrei-laktosefrei.ch\/fr\/wp-json\/wp\/v2\/avada_faq\/6019\/revisions\/6037"}],"wp:attachment":[{"href":"https:\/\/glutenfrei-laktosefrei.ch\/fr\/wp-json\/wp\/v2\/media?parent=6019"}],"wp:term":[{"taxonomy":"faq_category","embeddable":true,"href":"https:\/\/glutenfrei-laktosefrei.ch\/fr\/wp-json\/wp\/v2\/faq_category?post=6019"}],"curies":[{"name":"wp","href":"https:\/\/api.w.org\/{rel}","templated":true}]}}

<p>Tous nos produits sont naturels et ne contiennent aucun additif chimique de conservation ou d’exhausteur de goût. Ils sont spécialement conçus pour être congelés frais et décongelés sans perdre leur texture, leur qualité ni leur goût « frais ». Vous pouvez acheter des produits frais uniquement sur place, préparés le jour de votre commande. Pour nous, il est essentiel de les congeler le plus rapidement possible afin de préserver leur fraîcheur.   </p>
