{"id":6017,"date":"2025-12-10T11:15:00","date_gmt":"2025-12-10T10:15:00","guid":{"rendered":"https:\/\/glutenfrei-laktosefrei.ch\/faq-items\/quel-est-le-delai-de-livraison\/"},"modified":"2025-12-11T02:29:04","modified_gmt":"2025-12-11T01:29:04","slug":"quel-est-le-delai-de-livraison","status":"publish","type":"avada_faq","link":"https:\/\/glutenfrei-laktosefrei.ch\/fr\/faq-items\/quel-est-le-delai-de-livraison\/","title":{"rendered":"Quel est le d\u00e9lai de livraison ?"},"content":{"rendered":"<p>Dans la plupart des cas, si la commande arrive entre lundi 11h00 et jeudi, elle est livr\u00e9e le lendemain. Les commandes pass\u00e9es apr\u00e8s 11h00 sont livr\u00e9es deux jours plus tard. Pour les commandes pass\u00e9es entre vendredi et dimanche avant 11h00, le colis est livr\u00e9 le mardi.  <\/p>\n","protected":false},"excerpt":{"rendered":"<p>Dans la plupart des cas, si la commande arrive entre  [&#8230;]<\/p>\n","protected":false},"author":2,"featured_media":0,"menu_order":0,"comment_status":"open","ping_status":"closed","template":"","format":"standard","meta":{"footnotes":""},"faq_category":[224],"class_list":["post-6017","avada_faq","type-avada_faq","status-publish","format-standard","hentry","faq_category-expedition-livraison"],"yoast_head":"<!-- This site is optimized with the Yoast SEO plugin v26.6 - https:\/\/yoast.com\/wordpress\/plugins\/seo\/ -->\n<title>Quel est le d\u00e9lai de livraison ? | A-B-W Riesen GmbH<\/title>\n<meta name=\"robots\" content=\"index, follow, max-snippet:-1, max-image-preview:large, max-video-preview:-1\" \/>\n<link rel=\"canonical\" href=\"https:\/\/glutenfrei-laktosefrei.ch\/fr\/faq-items\/quel-est-le-delai-de-livraison\/\" \/>\n<meta property=\"og:locale\" content=\"fr_FR\" \/>\n<meta property=\"og:type\" content=\"article\" \/>\n<meta property=\"og:title\" content=\"Quel est le d\u00e9lai de livraison ? | A-B-W Riesen GmbH\" \/>\n<meta property=\"og:description\" content=\"Dans la plupart des cas, si la commande arrive entre [...]\" \/>\n<meta property=\"og:url\" content=\"https:\/\/glutenfrei-laktosefrei.ch\/fr\/faq-items\/quel-est-le-delai-de-livraison\/\" \/>\n<meta property=\"og:site_name\" content=\"A-B-W Riesen GmbH\" \/>\n<meta property=\"article:modified_time\" content=\"2025-12-11T01:29:04+00:00\" \/>\n<meta property=\"og:image\" content=\"https:\/\/glutenfrei-laktosefrei.ch\/wp-content\/uploads\/2020\/11\/iStock-182197205.webp\" \/>\n\t<meta property=\"og:image:width\" content=\"1920\" \/>\n\t<meta property=\"og:image:height\" content=\"1420\" \/>\n\t<meta property=\"og:image:type\" content=\"image\/webp\" \/>\n<meta name=\"twitter:card\" content=\"summary_large_image\" \/>\n<script type=\"application\/ld+json\" class=\"yoast-schema-graph\">{\"@context\":\"https:\/\/schema.org\",\"@graph\":[{\"@type\":\"WebPage\",\"@id\":\"https:\/\/glutenfrei-laktosefrei.ch\/fr\/faq-items\/quel-est-le-delai-de-livraison\/\",\"url\":\"https:\/\/glutenfrei-laktosefrei.ch\/fr\/faq-items\/quel-est-le-delai-de-livraison\/\",\"name\":\"Quel est le d\u00e9lai de livraison ? | A-B-W Riesen GmbH\",\"isPartOf\":{\"@id\":\"https:\/\/glutenfrei-laktosefrei.ch\/fr\/#website\"},\"datePublished\":\"2025-12-10T10:15:00+00:00\",\"dateModified\":\"2025-12-11T01:29:04+00:00\",\"breadcrumb\":{\"@id\":\"https:\/\/glutenfrei-laktosefrei.ch\/fr\/faq-items\/quel-est-le-delai-de-livraison\/#breadcrumb\"},\"inLanguage\":\"fr-FR\",\"potentialAction\":[{\"@type\":\"ReadAction\",\"target\":[\"https:\/\/glutenfrei-laktosefrei.ch\/fr\/faq-items\/quel-est-le-delai-de-livraison\/\"]}]},{\"@type\":\"BreadcrumbList\",\"@id\":\"https:\/\/glutenfrei-laktosefrei.ch\/fr\/faq-items\/quel-est-le-delai-de-livraison\/#breadcrumb\",\"itemListElement\":[{\"@type\":\"ListItem\",\"position\":1,\"name\":\"Home\",\"item\":\"https:\/\/glutenfrei-laktosefrei.ch\/fr\/\"},{\"@type\":\"ListItem\",\"position\":2,\"name\":\"FAQs\",\"item\":\"https:\/\/glutenfrei-laktosefrei.ch\/fr\/faq-items\/\"},{\"@type\":\"ListItem\",\"position\":3,\"name\":\"Quel est le d\u00e9lai de livraison ?\"}]},{\"@type\":\"WebSite\",\"@id\":\"https:\/\/glutenfrei-laktosefrei.ch\/fr\/#website\",\"url\":\"https:\/\/glutenfrei-laktosefrei.ch\/fr\/\",\"name\":\"A-B-W Riesen GmbH\",\"description\":\"\",\"publisher\":{\"@id\":\"https:\/\/glutenfrei-laktosefrei.ch\/fr\/#organization\"},\"potentialAction\":[{\"@type\":\"SearchAction\",\"target\":{\"@type\":\"EntryPoint\",\"urlTemplate\":\"https:\/\/glutenfrei-laktosefrei.ch\/fr\/?s={search_term_string}\"},\"query-input\":{\"@type\":\"PropertyValueSpecification\",\"valueRequired\":true,\"valueName\":\"search_term_string\"}}],\"inLanguage\":\"fr-FR\"},{\"@type\":\"Organization\",\"@id\":\"https:\/\/glutenfrei-laktosefrei.ch\/fr\/#organization\",\"name\":\"A-B-W Riesen GmbH\",\"url\":\"https:\/\/glutenfrei-laktosefrei.ch\/fr\/\",\"logo\":{\"@type\":\"ImageObject\",\"inLanguage\":\"fr-FR\",\"@id\":\"https:\/\/glutenfrei-laktosefrei.ch\/fr\/#\/schema\/logo\/image\/\",\"url\":\"https:\/\/glutenfrei-laktosefrei.ch\/wp-content\/uploads\/2024\/12\/fav_2024.png\",\"contentUrl\":\"https:\/\/glutenfrei-laktosefrei.ch\/wp-content\/uploads\/2024\/12\/fav_2024.png\",\"width\":100,\"height\":100,\"caption\":\"A-B-W Riesen GmbH\"},\"image\":{\"@id\":\"https:\/\/glutenfrei-laktosefrei.ch\/fr\/#\/schema\/logo\/image\/\"}}]}<\/script>\n<!-- \/ Yoast SEO plugin. -->","yoast_head_json":{"title":"Quel est le d\u00e9lai de livraison ? | A-B-W Riesen GmbH","robots":{"index":"index","follow":"follow","max-snippet":"max-snippet:-1","max-image-preview":"max-image-preview:large","max-video-preview":"max-video-preview:-1"},"canonical":"https:\/\/glutenfrei-laktosefrei.ch\/fr\/faq-items\/quel-est-le-delai-de-livraison\/","og_locale":"fr_FR","og_type":"article","og_title":"Quel est le d\u00e9lai de livraison ? | A-B-W Riesen GmbH","og_description":"Dans la plupart des cas, si la commande arrive entre [...]","og_url":"https:\/\/glutenfrei-laktosefrei.ch\/fr\/faq-items\/quel-est-le-delai-de-livraison\/","og_site_name":"A-B-W Riesen GmbH","article_modified_time":"2025-12-11T01:29:04+00:00","og_image":[{"width":1920,"height":1420,"url":"https:\/\/glutenfrei-laktosefrei.ch\/wp-content\/uploads\/2020\/11\/iStock-182197205.webp","type":"image\/webp"}],"twitter_card":"summary_large_image","schema":{"@context":"https:\/\/schema.org","@graph":[{"@type":"WebPage","@id":"https:\/\/glutenfrei-laktosefrei.ch\/fr\/faq-items\/quel-est-le-delai-de-livraison\/","url":"https:\/\/glutenfrei-laktosefrei.ch\/fr\/faq-items\/quel-est-le-delai-de-livraison\/","name":"Quel est le d\u00e9lai de livraison ? | A-B-W Riesen GmbH","isPartOf":{"@id":"https:\/\/glutenfrei-laktosefrei.ch\/fr\/#website"},"datePublished":"2025-12-10T10:15:00+00:00","dateModified":"2025-12-11T01:29:04+00:00","breadcrumb":{"@id":"https:\/\/glutenfrei-laktosefrei.ch\/fr\/faq-items\/quel-est-le-delai-de-livraison\/#breadcrumb"},"inLanguage":"fr-FR","potentialAction":[{"@type":"ReadAction","target":["https:\/\/glutenfrei-laktosefrei.ch\/fr\/faq-items\/quel-est-le-delai-de-livraison\/"]}]},{"@type":"BreadcrumbList","@id":"https:\/\/glutenfrei-laktosefrei.ch\/fr\/faq-items\/quel-est-le-delai-de-livraison\/#breadcrumb","itemListElement":[{"@type":"ListItem","position":1,"name":"Home","item":"https:\/\/glutenfrei-laktosefrei.ch\/fr\/"},{"@type":"ListItem","position":2,"name":"FAQs","item":"https:\/\/glutenfrei-laktosefrei.ch\/fr\/faq-items\/"},{"@type":"ListItem","position":3,"name":"Quel est le d\u00e9lai de livraison ?"}]},{"@type":"WebSite","@id":"https:\/\/glutenfrei-laktosefrei.ch\/fr\/#website","url":"https:\/\/glutenfrei-laktosefrei.ch\/fr\/","name":"A-B-W Riesen GmbH","description":"","publisher":{"@id":"https:\/\/glutenfrei-laktosefrei.ch\/fr\/#organization"},"potentialAction":[{"@type":"SearchAction","target":{"@type":"EntryPoint","urlTemplate":"https:\/\/glutenfrei-laktosefrei.ch\/fr\/?s={search_term_string}"},"query-input":{"@type":"PropertyValueSpecification","valueRequired":true,"valueName":"search_term_string"}}],"inLanguage":"fr-FR"},{"@type":"Organization","@id":"https:\/\/glutenfrei-laktosefrei.ch\/fr\/#organization","name":"A-B-W Riesen GmbH","url":"https:\/\/glutenfrei-laktosefrei.ch\/fr\/","logo":{"@type":"ImageObject","inLanguage":"fr-FR","@id":"https:\/\/glutenfrei-laktosefrei.ch\/fr\/#\/schema\/logo\/image\/","url":"https:\/\/glutenfrei-laktosefrei.ch\/wp-content\/uploads\/2024\/12\/fav_2024.png","contentUrl":"https:\/\/glutenfrei-laktosefrei.ch\/wp-content\/uploads\/2024\/12\/fav_2024.png","width":100,"height":100,"caption":"A-B-W Riesen GmbH"},"image":{"@id":"https:\/\/glutenfrei-laktosefrei.ch\/fr\/#\/schema\/logo\/image\/"}}]}},"_links":{"self":[{"href":"https:\/\/glutenfrei-laktosefrei.ch\/fr\/wp-json\/wp\/v2\/avada_faq\/6017","targetHints":{"allow":["GET"]}}],"collection":[{"href":"https:\/\/glutenfrei-laktosefrei.ch\/fr\/wp-json\/wp\/v2\/avada_faq"}],"about":[{"href":"https:\/\/glutenfrei-laktosefrei.ch\/fr\/wp-json\/wp\/v2\/types\/avada_faq"}],"author":[{"embeddable":true,"href":"https:\/\/glutenfrei-laktosefrei.ch\/fr\/wp-json\/wp\/v2\/users\/2"}],"replies":[{"embeddable":true,"href":"https:\/\/glutenfrei-laktosefrei.ch\/fr\/wp-json\/wp\/v2\/comments?post=6017"}],"version-history":[{"count":1,"href":"https:\/\/glutenfrei-laktosefrei.ch\/fr\/wp-json\/wp\/v2\/avada_faq\/6017\/revisions"}],"predecessor-version":[{"id":6034,"href":"https:\/\/glutenfrei-laktosefrei.ch\/fr\/wp-json\/wp\/v2\/avada_faq\/6017\/revisions\/6034"}],"wp:attachment":[{"href":"https:\/\/glutenfrei-laktosefrei.ch\/fr\/wp-json\/wp\/v2\/media?parent=6017"}],"wp:term":[{"taxonomy":"faq_category","embeddable":true,"href":"https:\/\/glutenfrei-laktosefrei.ch\/fr\/wp-json\/wp\/v2\/faq_category?post=6017"}],"curies":[{"name":"wp","href":"https:\/\/api.w.org\/{rel}","templated":true}]}}

Quel est le délai de livraison ?

<p>Dans la plupart des cas, si la commande arrive entre lundi 11h00 et jeudi, elle est livrée le lendemain. Les commandes passées après 11h00 sont livrées deux jours plus tard. Pour les commandes passées entre vendredi et dimanche avant 11h00, le colis est livré le mardi.  </p>

<!-- This site is optimized with the Yoast SEO plugin v26.6 - https://yoast.com/wordpress/plugins/seo/ -->
<title>Quel est le délai de livraison ? | A-B-W Riesen GmbH</title>
<meta name="robots" content="index, follow, max-snippet:-1, max-image-preview:large, max-video-preview:-1" />
<link rel="canonical" href="https://glutenfrei-laktosefrei.ch/fr/faq-items/quel-est-le-delai-de-livraison/" />
<meta property="og:locale" content="fr_FR" />
<meta property="og:type" content="article" />
<meta property="og:title" content="Quel est le délai de livraison ? | A-B-W Riesen GmbH" />
<meta property="og:description" content="Dans la plupart des cas, si la commande arrive entre [...]" />
<meta property="og:url" content="https://glutenfrei-laktosefrei.ch/fr/faq-items/quel-est-le-delai-de-livraison/" />
<meta property="og:site_name" content="A-B-W Riesen GmbH" />
<meta property="article:modified_time" content="2025-12-11T01:29:04+00:00" />
<meta property="og:image" content="https://glutenfrei-laktosefrei.ch/wp-content/uploads/2020/11/iStock-182197205.webp" />
	<meta property="og:image:width" content="1920" />
	<meta property="og:image:height" content="1420" />
	<meta property="og:image:type" content="image/webp" />
<meta name="twitter:card" content="summary_large_image" />
<script type="application/ld+json" class="yoast-schema-graph">{"@context":"https://schema.org","@graph":[{"@type":"WebPage","@id":"https://glutenfrei-laktosefrei.ch/fr/faq-items/quel-est-le-delai-de-livraison/","url":"https://glutenfrei-laktosefrei.ch/fr/faq-items/quel-est-le-delai-de-livraison/","name":"Quel est le délai de livraison ? | A-B-W Riesen GmbH","isPartOf":{"@id":"https://glutenfrei-laktosefrei.ch/fr/#website"},"datePublished":"2025-12-10T10:15:00+00:00","dateModified":"2025-12-11T01:29:04+00:00","breadcrumb":{"@id":"https://glutenfrei-laktosefrei.ch/fr/faq-items/quel-est-le-delai-de-livraison/#breadcrumb"},"inLanguage":"fr-FR","potentialAction":[{"@type":"ReadAction","target":["https://glutenfrei-laktosefrei.ch/fr/faq-items/quel-est-le-delai-de-livraison/"]}]},{"@type":"BreadcrumbList","@id":"https://glutenfrei-laktosefrei.ch/fr/faq-items/quel-est-le-delai-de-livraison/#breadcrumb","itemListElement":[{"@type":"ListItem","position":1,"name":"Home","item":"https://glutenfrei-laktosefrei.ch/fr/"},{"@type":"ListItem","position":2,"name":"FAQs","item":"https://glutenfrei-laktosefrei.ch/fr/faq-items/"},{"@type":"ListItem","position":3,"name":"Quel est le délai de livraison ?"}]},{"@type":"WebSite","@id":"https://glutenfrei-laktosefrei.ch/fr/#website","url":"https://glutenfrei-laktosefrei.ch/fr/","name":"A-B-W Riesen GmbH","description":"","publisher":{"@id":"https://glutenfrei-laktosefrei.ch/fr/#organization"},"potentialAction":[{"@type":"SearchAction","target":{"@type":"EntryPoint","urlTemplate":"https://glutenfrei-laktosefrei.ch/fr/?s={search_term_string}"},"query-input":{"@type":"PropertyValueSpecification","valueRequired":true,"valueName":"search_term_string"}}],"inLanguage":"fr-FR"},{"@type":"Organization","@id":"https://glutenfrei-laktosefrei.ch/fr/#organization","name":"A-B-W Riesen GmbH","url":"https://glutenfrei-laktosefrei.ch/fr/","logo":{"@type":"ImageObject","inLanguage":"fr-FR","@id":"https://glutenfrei-laktosefrei.ch/fr/#/schema/logo/image/","url":"https://glutenfrei-laktosefrei.ch/wp-content/uploads/2024/12/fav_2024.png","contentUrl":"https://glutenfrei-laktosefrei.ch/wp-content/uploads/2024/12/fav_2024.png","width":100,"height":100,"caption":"A-B-W Riesen GmbH"},"image":{"@id":"https://glutenfrei-laktosefrei.ch/fr/#/schema/logo/image/"}}]}</script>
<!-- / Yoast SEO plugin. -->

Quel est le délai de livraison ? | A-B-W Riesen GmbH
