{"id":6015,"date":"2025-12-10T11:15:41","date_gmt":"2025-12-10T10:15:41","guid":{"rendered":"https:\/\/glutenfrei-laktosefrei.ch\/faq-items\/apres-la-decongelation-votre-pain-est-moelleux-et-elastique-puis-je-le-consommer-tel-quel\/"},"modified":"2025-12-11T02:28:07","modified_gmt":"2025-12-11T01:28:07","slug":"apres-la-decongelation-votre-pain-est-moelleux-et-elastique-puis-je-le-consommer-tel-quel","status":"publish","type":"avada_faq","link":"https:\/\/glutenfrei-laktosefrei.ch\/fr\/faq-items\/apres-la-decongelation-votre-pain-est-moelleux-et-elastique-puis-je-le-consommer-tel-quel\/","title":{"rendered":"Apr\u00e8s la d\u00e9cong\u00e9lation, votre pain est moelleux et \u00e9lastique. Puis-je le consommer tel quel ?"},"content":{"rendered":"<p>Nos produits de boulangerie (pain, pizza, roul\u00e9s, etc.) sont fabriqu\u00e9s de mani\u00e8re \u00e0 \u00eatre moelleux et \u00e9lastiques, comme le pain traditionnel contenant du gluten. Cependant, ils sont \u00e9labor\u00e9s \u00e0 partir de farines telles que le riz, le ma\u00efs, etc., qui sont naturellement tr\u00e8s s\u00e8ches. Pour obtenir la meilleure saveur et la meilleure texture, il est donc recommand\u00e9 de les r\u00e9chauffer au four ou dans une friteuse \u00e0 air chaud \u00e0 200 \u00b0C pendant une courte dur\u00e9e (5 \u00e0 15 minutes selon la taille et le poids du produit). Vous trouverez les instructions exactes sur nos \u00e9tiquettes. Gr\u00e2ce \u00e0 ce bref passage \u00e0 haute temp\u00e9rature, les produits retrouvent leur consistance originale.    <\/p>\n","protected":false},"excerpt":{"rendered":"<p>Nos produits de boulangerie (pain, pizza, roul\u00e9s, etc.) sont fabriqu\u00e9s  [&#8230;]<\/p>\n","protected":false},"author":2,"featured_media":0,"menu_order":0,"comment_status":"open","ping_status":"closed","template":"","format":"standard","meta":{"footnotes":""},"faq_category":[223],"class_list":["post-6015","avada_faq","type-avada_faq","status-publish","format-standard","hentry","faq_category-pain-consistance-preparation"],"yoast_head":"<!-- This site is optimized with the Yoast SEO plugin v26.6 - https:\/\/yoast.com\/wordpress\/plugins\/seo\/ -->\n<title>Apr\u00e8s la d\u00e9cong\u00e9lation, votre pain est moelleux et \u00e9lastique. Puis-je le consommer tel quel ? | A-B-W Riesen GmbH<\/title>\n<meta name=\"robots\" content=\"index, follow, max-snippet:-1, max-image-preview:large, max-video-preview:-1\" \/>\n<link rel=\"canonical\" href=\"https:\/\/glutenfrei-laktosefrei.ch\/fr\/faq-items\/apres-la-decongelation-votre-pain-est-moelleux-et-elastique-puis-je-le-consommer-tel-quel\/\" \/>\n<meta property=\"og:locale\" content=\"fr_FR\" \/>\n<meta property=\"og:type\" content=\"article\" \/>\n<meta property=\"og:title\" content=\"Apr\u00e8s la d\u00e9cong\u00e9lation, votre pain est moelleux et \u00e9lastique. Puis-je le consommer tel quel ? | A-B-W Riesen GmbH\" \/>\n<meta property=\"og:description\" content=\"Nos produits de boulangerie (pain, pizza, roul\u00e9s, etc.) sont fabriqu\u00e9s [...]\" \/>\n<meta property=\"og:url\" content=\"https:\/\/glutenfrei-laktosefrei.ch\/fr\/faq-items\/apres-la-decongelation-votre-pain-est-moelleux-et-elastique-puis-je-le-consommer-tel-quel\/\" \/>\n<meta property=\"og:site_name\" content=\"A-B-W Riesen GmbH\" \/>\n<meta property=\"article:modified_time\" content=\"2025-12-11T01:28:07+00:00\" \/>\n<meta property=\"og:image\" content=\"https:\/\/glutenfrei-laktosefrei.ch\/wp-content\/uploads\/2020\/11\/iStock-182197205.webp\" \/>\n\t<meta property=\"og:image:width\" content=\"1920\" \/>\n\t<meta property=\"og:image:height\" content=\"1420\" \/>\n\t<meta property=\"og:image:type\" content=\"image\/webp\" \/>\n<meta name=\"twitter:card\" content=\"summary_large_image\" \/>\n<meta name=\"twitter:label1\" content=\"Dur\u00e9e de lecture estim\u00e9e\" \/>\n\t<meta name=\"twitter:data1\" content=\"1 minute\" \/>\n<script type=\"application\/ld+json\" class=\"yoast-schema-graph\">{\"@context\":\"https:\/\/schema.org\",\"@graph\":[{\"@type\":\"WebPage\",\"@id\":\"https:\/\/glutenfrei-laktosefrei.ch\/fr\/faq-items\/apres-la-decongelation-votre-pain-est-moelleux-et-elastique-puis-je-le-consommer-tel-quel\/\",\"url\":\"https:\/\/glutenfrei-laktosefrei.ch\/fr\/faq-items\/apres-la-decongelation-votre-pain-est-moelleux-et-elastique-puis-je-le-consommer-tel-quel\/\",\"name\":\"Apr\u00e8s la d\u00e9cong\u00e9lation, votre pain est moelleux et \u00e9lastique. Puis-je le consommer tel quel ? | A-B-W Riesen GmbH\",\"isPartOf\":{\"@id\":\"https:\/\/glutenfrei-laktosefrei.ch\/fr\/#website\"},\"datePublished\":\"2025-12-10T10:15:41+00:00\",\"dateModified\":\"2025-12-11T01:28:07+00:00\",\"breadcrumb\":{\"@id\":\"https:\/\/glutenfrei-laktosefrei.ch\/fr\/faq-items\/apres-la-decongelation-votre-pain-est-moelleux-et-elastique-puis-je-le-consommer-tel-quel\/#breadcrumb\"},\"inLanguage\":\"fr-FR\",\"potentialAction\":[{\"@type\":\"ReadAction\",\"target\":[\"https:\/\/glutenfrei-laktosefrei.ch\/fr\/faq-items\/apres-la-decongelation-votre-pain-est-moelleux-et-elastique-puis-je-le-consommer-tel-quel\/\"]}]},{\"@type\":\"BreadcrumbList\",\"@id\":\"https:\/\/glutenfrei-laktosefrei.ch\/fr\/faq-items\/apres-la-decongelation-votre-pain-est-moelleux-et-elastique-puis-je-le-consommer-tel-quel\/#breadcrumb\",\"itemListElement\":[{\"@type\":\"ListItem\",\"position\":1,\"name\":\"Home\",\"item\":\"https:\/\/glutenfrei-laktosefrei.ch\/fr\/\"},{\"@type\":\"ListItem\",\"position\":2,\"name\":\"FAQs\",\"item\":\"https:\/\/glutenfrei-laktosefrei.ch\/fr\/faq-items\/\"},{\"@type\":\"ListItem\",\"position\":3,\"name\":\"Apr\u00e8s la d\u00e9cong\u00e9lation, votre pain est moelleux et \u00e9lastique. Puis-je le consommer tel quel ?\"}]},{\"@type\":\"WebSite\",\"@id\":\"https:\/\/glutenfrei-laktosefrei.ch\/fr\/#website\",\"url\":\"https:\/\/glutenfrei-laktosefrei.ch\/fr\/\",\"name\":\"A-B-W Riesen GmbH\",\"description\":\"\",\"publisher\":{\"@id\":\"https:\/\/glutenfrei-laktosefrei.ch\/fr\/#organization\"},\"potentialAction\":[{\"@type\":\"SearchAction\",\"target\":{\"@type\":\"EntryPoint\",\"urlTemplate\":\"https:\/\/glutenfrei-laktosefrei.ch\/fr\/?s={search_term_string}\"},\"query-input\":{\"@type\":\"PropertyValueSpecification\",\"valueRequired\":true,\"valueName\":\"search_term_string\"}}],\"inLanguage\":\"fr-FR\"},{\"@type\":\"Organization\",\"@id\":\"https:\/\/glutenfrei-laktosefrei.ch\/fr\/#organization\",\"name\":\"A-B-W Riesen GmbH\",\"url\":\"https:\/\/glutenfrei-laktosefrei.ch\/fr\/\",\"logo\":{\"@type\":\"ImageObject\",\"inLanguage\":\"fr-FR\",\"@id\":\"https:\/\/glutenfrei-laktosefrei.ch\/fr\/#\/schema\/logo\/image\/\",\"url\":\"https:\/\/glutenfrei-laktosefrei.ch\/wp-content\/uploads\/2024\/12\/fav_2024.png\",\"contentUrl\":\"https:\/\/glutenfrei-laktosefrei.ch\/wp-content\/uploads\/2024\/12\/fav_2024.png\",\"width\":100,\"height\":100,\"caption\":\"A-B-W Riesen GmbH\"},\"image\":{\"@id\":\"https:\/\/glutenfrei-laktosefrei.ch\/fr\/#\/schema\/logo\/image\/\"}}]}<\/script>\n<!-- \/ Yoast SEO plugin. -->","yoast_head_json":{"title":"Apr\u00e8s la d\u00e9cong\u00e9lation, votre pain est moelleux et \u00e9lastique. Puis-je le consommer tel quel ? | A-B-W Riesen GmbH","robots":{"index":"index","follow":"follow","max-snippet":"max-snippet:-1","max-image-preview":"max-image-preview:large","max-video-preview":"max-video-preview:-1"},"canonical":"https:\/\/glutenfrei-laktosefrei.ch\/fr\/faq-items\/apres-la-decongelation-votre-pain-est-moelleux-et-elastique-puis-je-le-consommer-tel-quel\/","og_locale":"fr_FR","og_type":"article","og_title":"Apr\u00e8s la d\u00e9cong\u00e9lation, votre pain est moelleux et \u00e9lastique. Puis-je le consommer tel quel ? | A-B-W Riesen GmbH","og_description":"Nos produits de boulangerie (pain, pizza, roul\u00e9s, etc.) sont fabriqu\u00e9s [...]","og_url":"https:\/\/glutenfrei-laktosefrei.ch\/fr\/faq-items\/apres-la-decongelation-votre-pain-est-moelleux-et-elastique-puis-je-le-consommer-tel-quel\/","og_site_name":"A-B-W Riesen GmbH","article_modified_time":"2025-12-11T01:28:07+00:00","og_image":[{"width":1920,"height":1420,"url":"https:\/\/glutenfrei-laktosefrei.ch\/wp-content\/uploads\/2020\/11\/iStock-182197205.webp","type":"image\/webp"}],"twitter_card":"summary_large_image","twitter_misc":{"Dur\u00e9e de lecture estim\u00e9e":"1 minute"},"schema":{"@context":"https:\/\/schema.org","@graph":[{"@type":"WebPage","@id":"https:\/\/glutenfrei-laktosefrei.ch\/fr\/faq-items\/apres-la-decongelation-votre-pain-est-moelleux-et-elastique-puis-je-le-consommer-tel-quel\/","url":"https:\/\/glutenfrei-laktosefrei.ch\/fr\/faq-items\/apres-la-decongelation-votre-pain-est-moelleux-et-elastique-puis-je-le-consommer-tel-quel\/","name":"Apr\u00e8s la d\u00e9cong\u00e9lation, votre pain est moelleux et \u00e9lastique. Puis-je le consommer tel quel ? | A-B-W Riesen GmbH","isPartOf":{"@id":"https:\/\/glutenfrei-laktosefrei.ch\/fr\/#website"},"datePublished":"2025-12-10T10:15:41+00:00","dateModified":"2025-12-11T01:28:07+00:00","breadcrumb":{"@id":"https:\/\/glutenfrei-laktosefrei.ch\/fr\/faq-items\/apres-la-decongelation-votre-pain-est-moelleux-et-elastique-puis-je-le-consommer-tel-quel\/#breadcrumb"},"inLanguage":"fr-FR","potentialAction":[{"@type":"ReadAction","target":["https:\/\/glutenfrei-laktosefrei.ch\/fr\/faq-items\/apres-la-decongelation-votre-pain-est-moelleux-et-elastique-puis-je-le-consommer-tel-quel\/"]}]},{"@type":"BreadcrumbList","@id":"https:\/\/glutenfrei-laktosefrei.ch\/fr\/faq-items\/apres-la-decongelation-votre-pain-est-moelleux-et-elastique-puis-je-le-consommer-tel-quel\/#breadcrumb","itemListElement":[{"@type":"ListItem","position":1,"name":"Home","item":"https:\/\/glutenfrei-laktosefrei.ch\/fr\/"},{"@type":"ListItem","position":2,"name":"FAQs","item":"https:\/\/glutenfrei-laktosefrei.ch\/fr\/faq-items\/"},{"@type":"ListItem","position":3,"name":"Apr\u00e8s la d\u00e9cong\u00e9lation, votre pain est moelleux et \u00e9lastique. Puis-je le consommer tel quel ?"}]},{"@type":"WebSite","@id":"https:\/\/glutenfrei-laktosefrei.ch\/fr\/#website","url":"https:\/\/glutenfrei-laktosefrei.ch\/fr\/","name":"A-B-W Riesen GmbH","description":"","publisher":{"@id":"https:\/\/glutenfrei-laktosefrei.ch\/fr\/#organization"},"potentialAction":[{"@type":"SearchAction","target":{"@type":"EntryPoint","urlTemplate":"https:\/\/glutenfrei-laktosefrei.ch\/fr\/?s={search_term_string}"},"query-input":{"@type":"PropertyValueSpecification","valueRequired":true,"valueName":"search_term_string"}}],"inLanguage":"fr-FR"},{"@type":"Organization","@id":"https:\/\/glutenfrei-laktosefrei.ch\/fr\/#organization","name":"A-B-W Riesen GmbH","url":"https:\/\/glutenfrei-laktosefrei.ch\/fr\/","logo":{"@type":"ImageObject","inLanguage":"fr-FR","@id":"https:\/\/glutenfrei-laktosefrei.ch\/fr\/#\/schema\/logo\/image\/","url":"https:\/\/glutenfrei-laktosefrei.ch\/wp-content\/uploads\/2024\/12\/fav_2024.png","contentUrl":"https:\/\/glutenfrei-laktosefrei.ch\/wp-content\/uploads\/2024\/12\/fav_2024.png","width":100,"height":100,"caption":"A-B-W Riesen GmbH"},"image":{"@id":"https:\/\/glutenfrei-laktosefrei.ch\/fr\/#\/schema\/logo\/image\/"}}]}},"_links":{"self":[{"href":"https:\/\/glutenfrei-laktosefrei.ch\/fr\/wp-json\/wp\/v2\/avada_faq\/6015","targetHints":{"allow":["GET"]}}],"collection":[{"href":"https:\/\/glutenfrei-laktosefrei.ch\/fr\/wp-json\/wp\/v2\/avada_faq"}],"about":[{"href":"https:\/\/glutenfrei-laktosefrei.ch\/fr\/wp-json\/wp\/v2\/types\/avada_faq"}],"author":[{"embeddable":true,"href":"https:\/\/glutenfrei-laktosefrei.ch\/fr\/wp-json\/wp\/v2\/users\/2"}],"replies":[{"embeddable":true,"href":"https:\/\/glutenfrei-laktosefrei.ch\/fr\/wp-json\/wp\/v2\/comments?post=6015"}],"version-history":[{"count":1,"href":"https:\/\/glutenfrei-laktosefrei.ch\/fr\/wp-json\/wp\/v2\/avada_faq\/6015\/revisions"}],"predecessor-version":[{"id":6032,"href":"https:\/\/glutenfrei-laktosefrei.ch\/fr\/wp-json\/wp\/v2\/avada_faq\/6015\/revisions\/6032"}],"wp:attachment":[{"href":"https:\/\/glutenfrei-laktosefrei.ch\/fr\/wp-json\/wp\/v2\/media?parent=6015"}],"wp:term":[{"taxonomy":"faq_category","embeddable":true,"href":"https:\/\/glutenfrei-laktosefrei.ch\/fr\/wp-json\/wp\/v2\/faq_category?post=6015"}],"curies":[{"name":"wp","href":"https:\/\/api.w.org\/{rel}","templated":true}]}}

Après la décongélation, votre pain est moelleux et élastique. Puis-je le consommer tel quel ?

<p>Nos produits de boulangerie (pain, pizza, roulés, etc.) sont fabriqués de manière à être moelleux et élastiques, comme le pain traditionnel contenant du gluten. Cependant, ils sont élaborés à partir de farines telles que le riz, le maïs, etc., qui sont naturellement très sèches. Pour obtenir la meilleure saveur et la meilleure texture, il est donc recommandé de les réchauffer au four ou dans une friteuse à air chaud à 200 °C pendant une courte durée (5 à 15 minutes selon la taille et le poids du produit). Vous trouverez les instructions exactes sur nos étiquettes. Grâce à ce bref passage à haute température, les produits retrouvent leur consistance originale.    </p>

<p>Nos produits de boulangerie (pain, pizza, roulés, etc.) sont fabriqués  [&#8230;]</p>

<!-- This site is optimized with the Yoast SEO plugin v26.6 - https://yoast.com/wordpress/plugins/seo/ -->
<title>Après la décongélation, votre pain est moelleux et élastique. Puis-je le consommer tel quel ? | A-B-W Riesen GmbH</title>
<meta name="robots" content="index, follow, max-snippet:-1, max-image-preview:large, max-video-preview:-1" />
<link rel="canonical" href="https://glutenfrei-laktosefrei.ch/fr/faq-items/apres-la-decongelation-votre-pain-est-moelleux-et-elastique-puis-je-le-consommer-tel-quel/" />
<meta property="og:locale" content="fr_FR" />
<meta property="og:type" content="article" />
<meta property="og:title" content="Après la décongélation, votre pain est moelleux et élastique. Puis-je le consommer tel quel ? | A-B-W Riesen GmbH" />
<meta property="og:description" content="Nos produits de boulangerie (pain, pizza, roulés, etc.) sont fabriqués [...]" />
<meta property="og:url" content="https://glutenfrei-laktosefrei.ch/fr/faq-items/apres-la-decongelation-votre-pain-est-moelleux-et-elastique-puis-je-le-consommer-tel-quel/" />
<meta property="og:site_name" content="A-B-W Riesen GmbH" />
<meta property="article:modified_time" content="2025-12-11T01:28:07+00:00" />
<meta property="og:image" content="https://glutenfrei-laktosefrei.ch/wp-content/uploads/2020/11/iStock-182197205.webp" />
	<meta property="og:image:width" content="1920" />
	<meta property="og:image:height" content="1420" />
	<meta property="og:image:type" content="image/webp" />
<meta name="twitter:card" content="summary_large_image" />
<meta name="twitter:label1" content="Durée de lecture estimée" />
	<meta name="twitter:data1" content="1 minute" />
<script type="application/ld+json" class="yoast-schema-graph">{"@context":"https://schema.org","@graph":[{"@type":"WebPage","@id":"https://glutenfrei-laktosefrei.ch/fr/faq-items/apres-la-decongelation-votre-pain-est-moelleux-et-elastique-puis-je-le-consommer-tel-quel/","url":"https://glutenfrei-laktosefrei.ch/fr/faq-items/apres-la-decongelation-votre-pain-est-moelleux-et-elastique-puis-je-le-consommer-tel-quel/","name":"Après la décongélation, votre pain est moelleux et élastique. Puis-je le consommer tel quel ? | A-B-W Riesen GmbH","isPartOf":{"@id":"https://glutenfrei-laktosefrei.ch/fr/#website"},"datePublished":"2025-12-10T10:15:41+00:00","dateModified":"2025-12-11T01:28:07+00:00","breadcrumb":{"@id":"https://glutenfrei-laktosefrei.ch/fr/faq-items/apres-la-decongelation-votre-pain-est-moelleux-et-elastique-puis-je-le-consommer-tel-quel/#breadcrumb"},"inLanguage":"fr-FR","potentialAction":[{"@type":"ReadAction","target":["https://glutenfrei-laktosefrei.ch/fr/faq-items/apres-la-decongelation-votre-pain-est-moelleux-et-elastique-puis-je-le-consommer-tel-quel/"]}]},{"@type":"BreadcrumbList","@id":"https://glutenfrei-laktosefrei.ch/fr/faq-items/apres-la-decongelation-votre-pain-est-moelleux-et-elastique-puis-je-le-consommer-tel-quel/#breadcrumb","itemListElement":[{"@type":"ListItem","position":1,"name":"Home","item":"https://glutenfrei-laktosefrei.ch/fr/"},{"@type":"ListItem","position":2,"name":"FAQs","item":"https://glutenfrei-laktosefrei.ch/fr/faq-items/"},{"@type":"ListItem","position":3,"name":"Après la décongélation, votre pain est moelleux et élastique. Puis-je le consommer tel quel ?"}]},{"@type":"WebSite","@id":"https://glutenfrei-laktosefrei.ch/fr/#website","url":"https://glutenfrei-laktosefrei.ch/fr/","name":"A-B-W Riesen GmbH","description":"","publisher":{"@id":"https://glutenfrei-laktosefrei.ch/fr/#organization"},"potentialAction":[{"@type":"SearchAction","target":{"@type":"EntryPoint","urlTemplate":"https://glutenfrei-laktosefrei.ch/fr/?s={search_term_string}"},"query-input":{"@type":"PropertyValueSpecification","valueRequired":true,"valueName":"search_term_string"}}],"inLanguage":"fr-FR"},{"@type":"Organization","@id":"https://glutenfrei-laktosefrei.ch/fr/#organization","name":"A-B-W Riesen GmbH","url":"https://glutenfrei-laktosefrei.ch/fr/","logo":{"@type":"ImageObject","inLanguage":"fr-FR","@id":"https://glutenfrei-laktosefrei.ch/fr/#/schema/logo/image/","url":"https://glutenfrei-laktosefrei.ch/wp-content/uploads/2024/12/fav_2024.png","contentUrl":"https://glutenfrei-laktosefrei.ch/wp-content/uploads/2024/12/fav_2024.png","width":100,"height":100,"caption":"A-B-W Riesen GmbH"},"image":{"@id":"https://glutenfrei-laktosefrei.ch/fr/#/schema/logo/image/"}}]}</script>
<!-- / Yoast SEO plugin. -->

Après la décongélation, votre pain est moelleux et élastique. Puis-je le consommer tel quel ? | A-B-W Riesen GmbH

Nos produits de boulangerie (pain, pizza, roulés, etc.) sont fabriqués [...]
