{"id":6011,"date":"2025-12-10T11:16:58","date_gmt":"2025-12-10T10:16:58","guid":{"rendered":"https:\/\/glutenfrei-laktosefrei.ch\/faq-items\/avez-vous-dautres-recettes-pour-votre-melange-de-farine\/"},"modified":"2025-12-11T02:25:25","modified_gmt":"2025-12-11T01:25:25","slug":"avez-vous-dautres-recettes-pour-votre-melange-de-farine","status":"publish","type":"avada_faq","link":"https:\/\/glutenfrei-laktosefrei.ch\/fr\/faq-items\/avez-vous-dautres-recettes-pour-votre-melange-de-farine\/","title":{"rendered":"Avez-vous d&rsquo;autres recettes pour votre m\u00e9lange de farine ?"},"content":{"rendered":"<p>Nos m\u00e9langes de farines sont con\u00e7us pour \u00eatre tr\u00e8s similaires aux farines traditionnelles contenant du gluten. Vous pouvez donc les utiliser pour toutes les recettes que vous souhaitez. Cela est particuli\u00e8rement pratique si vous utilisez une recette familiale qui vous tient \u00e0 c\u0153ur. Comme les farines sans gluten sont g\u00e9n\u00e9ralement plus s\u00e8ches que les farines avec gluten, il est conseill\u00e9 d\u2019ajouter 50 % de liquide en plus, voire le double de la quantit\u00e9 indiqu\u00e9e dans votre recette (\u0153uf, lait, eau, etc.).   <\/p>\n","protected":false},"excerpt":{"rendered":"<p>Nos m\u00e9langes de farines sont con\u00e7us pour \u00eatre tr\u00e8s similaires  [&#8230;]<\/p>\n","protected":false},"author":2,"featured_media":0,"menu_order":0,"comment_status":"open","ping_status":"closed","template":"","format":"standard","meta":{"footnotes":""},"faq_category":[220],"class_list":["post-6011","avada_faq","type-avada_faq","status-publish","format-standard","hentry","faq_category-melanges-de-farines-recettes"],"yoast_head":"<!-- This site is optimized with the Yoast SEO plugin v26.6 - https:\/\/yoast.com\/wordpress\/plugins\/seo\/ -->\n<title>Avez-vous d&#039;autres recettes pour votre m\u00e9lange de farine ? | A-B-W Riesen GmbH<\/title>\n<meta name=\"robots\" content=\"index, follow, max-snippet:-1, max-image-preview:large, max-video-preview:-1\" \/>\n<link rel=\"canonical\" href=\"https:\/\/glutenfrei-laktosefrei.ch\/fr\/faq-items\/avez-vous-dautres-recettes-pour-votre-melange-de-farine\/\" \/>\n<meta property=\"og:locale\" content=\"fr_FR\" \/>\n<meta property=\"og:type\" content=\"article\" \/>\n<meta property=\"og:title\" content=\"Avez-vous d&#039;autres recettes pour votre m\u00e9lange de farine ? | A-B-W Riesen GmbH\" \/>\n<meta property=\"og:description\" content=\"Nos m\u00e9langes de farines sont con\u00e7us pour \u00eatre tr\u00e8s similaires [...]\" \/>\n<meta property=\"og:url\" content=\"https:\/\/glutenfrei-laktosefrei.ch\/fr\/faq-items\/avez-vous-dautres-recettes-pour-votre-melange-de-farine\/\" \/>\n<meta property=\"og:site_name\" content=\"A-B-W Riesen GmbH\" \/>\n<meta property=\"article:modified_time\" content=\"2025-12-11T01:25:25+00:00\" \/>\n<meta property=\"og:image\" content=\"https:\/\/glutenfrei-laktosefrei.ch\/wp-content\/uploads\/2020\/11\/iStock-182197205.webp\" \/>\n\t<meta property=\"og:image:width\" content=\"1920\" \/>\n\t<meta property=\"og:image:height\" content=\"1420\" \/>\n\t<meta property=\"og:image:type\" content=\"image\/webp\" \/>\n<meta name=\"twitter:card\" content=\"summary_large_image\" \/>\n<script type=\"application\/ld+json\" class=\"yoast-schema-graph\">{\"@context\":\"https:\/\/schema.org\",\"@graph\":[{\"@type\":\"WebPage\",\"@id\":\"https:\/\/glutenfrei-laktosefrei.ch\/fr\/faq-items\/avez-vous-dautres-recettes-pour-votre-melange-de-farine\/\",\"url\":\"https:\/\/glutenfrei-laktosefrei.ch\/fr\/faq-items\/avez-vous-dautres-recettes-pour-votre-melange-de-farine\/\",\"name\":\"Avez-vous d'autres recettes pour votre m\u00e9lange de farine ? | A-B-W Riesen GmbH\",\"isPartOf\":{\"@id\":\"https:\/\/glutenfrei-laktosefrei.ch\/fr\/#website\"},\"datePublished\":\"2025-12-10T10:16:58+00:00\",\"dateModified\":\"2025-12-11T01:25:25+00:00\",\"breadcrumb\":{\"@id\":\"https:\/\/glutenfrei-laktosefrei.ch\/fr\/faq-items\/avez-vous-dautres-recettes-pour-votre-melange-de-farine\/#breadcrumb\"},\"inLanguage\":\"fr-FR\",\"potentialAction\":[{\"@type\":\"ReadAction\",\"target\":[\"https:\/\/glutenfrei-laktosefrei.ch\/fr\/faq-items\/avez-vous-dautres-recettes-pour-votre-melange-de-farine\/\"]}]},{\"@type\":\"BreadcrumbList\",\"@id\":\"https:\/\/glutenfrei-laktosefrei.ch\/fr\/faq-items\/avez-vous-dautres-recettes-pour-votre-melange-de-farine\/#breadcrumb\",\"itemListElement\":[{\"@type\":\"ListItem\",\"position\":1,\"name\":\"Home\",\"item\":\"https:\/\/glutenfrei-laktosefrei.ch\/fr\/\"},{\"@type\":\"ListItem\",\"position\":2,\"name\":\"FAQs\",\"item\":\"https:\/\/glutenfrei-laktosefrei.ch\/fr\/faq-items\/\"},{\"@type\":\"ListItem\",\"position\":3,\"name\":\"Avez-vous d&#8217;autres recettes pour votre m\u00e9lange de farine ?\"}]},{\"@type\":\"WebSite\",\"@id\":\"https:\/\/glutenfrei-laktosefrei.ch\/fr\/#website\",\"url\":\"https:\/\/glutenfrei-laktosefrei.ch\/fr\/\",\"name\":\"A-B-W Riesen GmbH\",\"description\":\"\",\"publisher\":{\"@id\":\"https:\/\/glutenfrei-laktosefrei.ch\/fr\/#organization\"},\"potentialAction\":[{\"@type\":\"SearchAction\",\"target\":{\"@type\":\"EntryPoint\",\"urlTemplate\":\"https:\/\/glutenfrei-laktosefrei.ch\/fr\/?s={search_term_string}\"},\"query-input\":{\"@type\":\"PropertyValueSpecification\",\"valueRequired\":true,\"valueName\":\"search_term_string\"}}],\"inLanguage\":\"fr-FR\"},{\"@type\":\"Organization\",\"@id\":\"https:\/\/glutenfrei-laktosefrei.ch\/fr\/#organization\",\"name\":\"A-B-W Riesen GmbH\",\"url\":\"https:\/\/glutenfrei-laktosefrei.ch\/fr\/\",\"logo\":{\"@type\":\"ImageObject\",\"inLanguage\":\"fr-FR\",\"@id\":\"https:\/\/glutenfrei-laktosefrei.ch\/fr\/#\/schema\/logo\/image\/\",\"url\":\"https:\/\/glutenfrei-laktosefrei.ch\/wp-content\/uploads\/2024\/12\/fav_2024.png\",\"contentUrl\":\"https:\/\/glutenfrei-laktosefrei.ch\/wp-content\/uploads\/2024\/12\/fav_2024.png\",\"width\":100,\"height\":100,\"caption\":\"A-B-W Riesen GmbH\"},\"image\":{\"@id\":\"https:\/\/glutenfrei-laktosefrei.ch\/fr\/#\/schema\/logo\/image\/\"}}]}<\/script>\n<!-- \/ Yoast SEO plugin. -->","yoast_head_json":{"title":"Avez-vous d'autres recettes pour votre m\u00e9lange de farine ? | A-B-W Riesen GmbH","robots":{"index":"index","follow":"follow","max-snippet":"max-snippet:-1","max-image-preview":"max-image-preview:large","max-video-preview":"max-video-preview:-1"},"canonical":"https:\/\/glutenfrei-laktosefrei.ch\/fr\/faq-items\/avez-vous-dautres-recettes-pour-votre-melange-de-farine\/","og_locale":"fr_FR","og_type":"article","og_title":"Avez-vous d'autres recettes pour votre m\u00e9lange de farine ? | A-B-W Riesen GmbH","og_description":"Nos m\u00e9langes de farines sont con\u00e7us pour \u00eatre tr\u00e8s similaires [...]","og_url":"https:\/\/glutenfrei-laktosefrei.ch\/fr\/faq-items\/avez-vous-dautres-recettes-pour-votre-melange-de-farine\/","og_site_name":"A-B-W Riesen GmbH","article_modified_time":"2025-12-11T01:25:25+00:00","og_image":[{"width":1920,"height":1420,"url":"https:\/\/glutenfrei-laktosefrei.ch\/wp-content\/uploads\/2020\/11\/iStock-182197205.webp","type":"image\/webp"}],"twitter_card":"summary_large_image","schema":{"@context":"https:\/\/schema.org","@graph":[{"@type":"WebPage","@id":"https:\/\/glutenfrei-laktosefrei.ch\/fr\/faq-items\/avez-vous-dautres-recettes-pour-votre-melange-de-farine\/","url":"https:\/\/glutenfrei-laktosefrei.ch\/fr\/faq-items\/avez-vous-dautres-recettes-pour-votre-melange-de-farine\/","name":"Avez-vous d'autres recettes pour votre m\u00e9lange de farine ? | A-B-W Riesen GmbH","isPartOf":{"@id":"https:\/\/glutenfrei-laktosefrei.ch\/fr\/#website"},"datePublished":"2025-12-10T10:16:58+00:00","dateModified":"2025-12-11T01:25:25+00:00","breadcrumb":{"@id":"https:\/\/glutenfrei-laktosefrei.ch\/fr\/faq-items\/avez-vous-dautres-recettes-pour-votre-melange-de-farine\/#breadcrumb"},"inLanguage":"fr-FR","potentialAction":[{"@type":"ReadAction","target":["https:\/\/glutenfrei-laktosefrei.ch\/fr\/faq-items\/avez-vous-dautres-recettes-pour-votre-melange-de-farine\/"]}]},{"@type":"BreadcrumbList","@id":"https:\/\/glutenfrei-laktosefrei.ch\/fr\/faq-items\/avez-vous-dautres-recettes-pour-votre-melange-de-farine\/#breadcrumb","itemListElement":[{"@type":"ListItem","position":1,"name":"Home","item":"https:\/\/glutenfrei-laktosefrei.ch\/fr\/"},{"@type":"ListItem","position":2,"name":"FAQs","item":"https:\/\/glutenfrei-laktosefrei.ch\/fr\/faq-items\/"},{"@type":"ListItem","position":3,"name":"Avez-vous d&#8217;autres recettes pour votre m\u00e9lange de farine ?"}]},{"@type":"WebSite","@id":"https:\/\/glutenfrei-laktosefrei.ch\/fr\/#website","url":"https:\/\/glutenfrei-laktosefrei.ch\/fr\/","name":"A-B-W Riesen GmbH","description":"","publisher":{"@id":"https:\/\/glutenfrei-laktosefrei.ch\/fr\/#organization"},"potentialAction":[{"@type":"SearchAction","target":{"@type":"EntryPoint","urlTemplate":"https:\/\/glutenfrei-laktosefrei.ch\/fr\/?s={search_term_string}"},"query-input":{"@type":"PropertyValueSpecification","valueRequired":true,"valueName":"search_term_string"}}],"inLanguage":"fr-FR"},{"@type":"Organization","@id":"https:\/\/glutenfrei-laktosefrei.ch\/fr\/#organization","name":"A-B-W Riesen GmbH","url":"https:\/\/glutenfrei-laktosefrei.ch\/fr\/","logo":{"@type":"ImageObject","inLanguage":"fr-FR","@id":"https:\/\/glutenfrei-laktosefrei.ch\/fr\/#\/schema\/logo\/image\/","url":"https:\/\/glutenfrei-laktosefrei.ch\/wp-content\/uploads\/2024\/12\/fav_2024.png","contentUrl":"https:\/\/glutenfrei-laktosefrei.ch\/wp-content\/uploads\/2024\/12\/fav_2024.png","width":100,"height":100,"caption":"A-B-W Riesen GmbH"},"image":{"@id":"https:\/\/glutenfrei-laktosefrei.ch\/fr\/#\/schema\/logo\/image\/"}}]}},"_links":{"self":[{"href":"https:\/\/glutenfrei-laktosefrei.ch\/fr\/wp-json\/wp\/v2\/avada_faq\/6011","targetHints":{"allow":["GET"]}}],"collection":[{"href":"https:\/\/glutenfrei-laktosefrei.ch\/fr\/wp-json\/wp\/v2\/avada_faq"}],"about":[{"href":"https:\/\/glutenfrei-laktosefrei.ch\/fr\/wp-json\/wp\/v2\/types\/avada_faq"}],"author":[{"embeddable":true,"href":"https:\/\/glutenfrei-laktosefrei.ch\/fr\/wp-json\/wp\/v2\/users\/2"}],"replies":[{"embeddable":true,"href":"https:\/\/glutenfrei-laktosefrei.ch\/fr\/wp-json\/wp\/v2\/comments?post=6011"}],"version-history":[{"count":1,"href":"https:\/\/glutenfrei-laktosefrei.ch\/fr\/wp-json\/wp\/v2\/avada_faq\/6011\/revisions"}],"predecessor-version":[{"id":6028,"href":"https:\/\/glutenfrei-laktosefrei.ch\/fr\/wp-json\/wp\/v2\/avada_faq\/6011\/revisions\/6028"}],"wp:attachment":[{"href":"https:\/\/glutenfrei-laktosefrei.ch\/fr\/wp-json\/wp\/v2\/media?parent=6011"}],"wp:term":[{"taxonomy":"faq_category","embeddable":true,"href":"https:\/\/glutenfrei-laktosefrei.ch\/fr\/wp-json\/wp\/v2\/faq_category?post=6011"}],"curies":[{"name":"wp","href":"https:\/\/api.w.org\/{rel}","templated":true}]}}

Avez-vous d&rsquo;autres recettes pour votre mélange de farine ?

<p>Nos mélanges de farines sont conçus pour être très similaires aux farines traditionnelles contenant du gluten. Vous pouvez donc les utiliser pour toutes les recettes que vous souhaitez. Cela est particulièrement pratique si vous utilisez une recette familiale qui vous tient à cœur. Comme les farines sans gluten sont généralement plus sèches que les farines avec gluten, il est conseillé d’ajouter 50 % de liquide en plus, voire le double de la quantité indiquée dans votre recette (œuf, lait, eau, etc.).   </p>

<p>Nos mélanges de farines sont conçus pour être très similaires  [&#8230;]</p>

<!-- This site is optimized with the Yoast SEO plugin v26.6 - https://yoast.com/wordpress/plugins/seo/ -->
<title>Avez-vous d&#039;autres recettes pour votre mélange de farine ? | A-B-W Riesen GmbH</title>
<meta name="robots" content="index, follow, max-snippet:-1, max-image-preview:large, max-video-preview:-1" />
<link rel="canonical" href="https://glutenfrei-laktosefrei.ch/fr/faq-items/avez-vous-dautres-recettes-pour-votre-melange-de-farine/" />
<meta property="og:locale" content="fr_FR" />
<meta property="og:type" content="article" />
<meta property="og:title" content="Avez-vous d&#039;autres recettes pour votre mélange de farine ? | A-B-W Riesen GmbH" />
<meta property="og:description" content="Nos mélanges de farines sont conçus pour être très similaires [...]" />
<meta property="og:url" content="https://glutenfrei-laktosefrei.ch/fr/faq-items/avez-vous-dautres-recettes-pour-votre-melange-de-farine/" />
<meta property="og:site_name" content="A-B-W Riesen GmbH" />
<meta property="article:modified_time" content="2025-12-11T01:25:25+00:00" />
<meta property="og:image" content="https://glutenfrei-laktosefrei.ch/wp-content/uploads/2020/11/iStock-182197205.webp" />
	<meta property="og:image:width" content="1920" />
	<meta property="og:image:height" content="1420" />
	<meta property="og:image:type" content="image/webp" />
<meta name="twitter:card" content="summary_large_image" />
<script type="application/ld+json" class="yoast-schema-graph">{"@context":"https://schema.org","@graph":[{"@type":"WebPage","@id":"https://glutenfrei-laktosefrei.ch/fr/faq-items/avez-vous-dautres-recettes-pour-votre-melange-de-farine/","url":"https://glutenfrei-laktosefrei.ch/fr/faq-items/avez-vous-dautres-recettes-pour-votre-melange-de-farine/","name":"Avez-vous d'autres recettes pour votre mélange de farine ? | A-B-W Riesen GmbH","isPartOf":{"@id":"https://glutenfrei-laktosefrei.ch/fr/#website"},"datePublished":"2025-12-10T10:16:58+00:00","dateModified":"2025-12-11T01:25:25+00:00","breadcrumb":{"@id":"https://glutenfrei-laktosefrei.ch/fr/faq-items/avez-vous-dautres-recettes-pour-votre-melange-de-farine/#breadcrumb"},"inLanguage":"fr-FR","potentialAction":[{"@type":"ReadAction","target":["https://glutenfrei-laktosefrei.ch/fr/faq-items/avez-vous-dautres-recettes-pour-votre-melange-de-farine/"]}]},{"@type":"BreadcrumbList","@id":"https://glutenfrei-laktosefrei.ch/fr/faq-items/avez-vous-dautres-recettes-pour-votre-melange-de-farine/#breadcrumb","itemListElement":[{"@type":"ListItem","position":1,"name":"Home","item":"https://glutenfrei-laktosefrei.ch/fr/"},{"@type":"ListItem","position":2,"name":"FAQs","item":"https://glutenfrei-laktosefrei.ch/fr/faq-items/"},{"@type":"ListItem","position":3,"name":"Avez-vous d&#8217;autres recettes pour votre mélange de farine ?"}]},{"@type":"WebSite","@id":"https://glutenfrei-laktosefrei.ch/fr/#website","url":"https://glutenfrei-laktosefrei.ch/fr/","name":"A-B-W Riesen GmbH","description":"","publisher":{"@id":"https://glutenfrei-laktosefrei.ch/fr/#organization"},"potentialAction":[{"@type":"SearchAction","target":{"@type":"EntryPoint","urlTemplate":"https://glutenfrei-laktosefrei.ch/fr/?s={search_term_string}"},"query-input":{"@type":"PropertyValueSpecification","valueRequired":true,"valueName":"search_term_string"}}],"inLanguage":"fr-FR"},{"@type":"Organization","@id":"https://glutenfrei-laktosefrei.ch/fr/#organization","name":"A-B-W Riesen GmbH","url":"https://glutenfrei-laktosefrei.ch/fr/","logo":{"@type":"ImageObject","inLanguage":"fr-FR","@id":"https://glutenfrei-laktosefrei.ch/fr/#/schema/logo/image/","url":"https://glutenfrei-laktosefrei.ch/wp-content/uploads/2024/12/fav_2024.png","contentUrl":"https://glutenfrei-laktosefrei.ch/wp-content/uploads/2024/12/fav_2024.png","width":100,"height":100,"caption":"A-B-W Riesen GmbH"},"image":{"@id":"https://glutenfrei-laktosefrei.ch/fr/#/schema/logo/image/"}}]}</script>
<!-- / Yoast SEO plugin. -->

Avez-vous d'autres recettes pour votre mélange de farine ? | A-B-W Riesen GmbH

Nos mélanges de farines sont conçus pour être très similaires [...]

Avez-vous d&#8217;autres recettes pour votre mélange de farine ?
